{"id":5950,"date":"2024-08-07T20:22:31","date_gmt":"2024-08-07T20:22:31","guid":{"rendered":"https:\/\/empirehealth.ca\/?page_id=5950"},"modified":"2025-02-25T16:34:49","modified_gmt":"2025-02-25T16:34:49","slug":"services-2","status":"publish","type":"page","link":"https:\/\/empirehealth.ca\/?page_id=5950&lang=fr","title":{"rendered":"Services"},"content":{"rendered":"\t\t<div data-elementor-type=\"wp-page\" data-elementor-id=\"5950\" class=\"elementor elementor-5950\">\n\t\t\t\t\t\t<section class=\"elementor-section elementor-top-section elementor-element elementor-element-655d978 elementor-section-stretched elementor-section-boxed elementor-section-height-default elementor-section-height-default\" data-id=\"655d978\" data-element_type=\"section\" data-e-type=\"section\" data-settings=\"{&quot;stretch_section&quot;:&quot;section-stretched&quot;,&quot;background_background&quot;:&quot;classic&quot;}\">\n\t\t\t\t\t\t\t<div class=\"elementor-background-overlay\"><\/div>\n\t\t\t\t\t\t\t<div class=\"elementor-container elementor-column-gap-default\">\n\t\t\t\t\t<div class=\"elementor-column elementor-col-100 elementor-top-column elementor-element elementor-element-c5c6a5a\" data-id=\"c5c6a5a\" data-element_type=\"column\" data-e-type=\"column\">\n\t\t\t<div class=\"elementor-widget-wrap elementor-element-populated\">\n\t\t\t\t\t\t<div class=\"elementor-element elementor-element-e0882a8 elementor-widget elementor-widget-spacer\" data-id=\"e0882a8\" data-element_type=\"widget\" data-e-type=\"widget\" data-widget_type=\"spacer.default\">\n\t\t\t\t<div class=\"elementor-widget-container\">\n\t\t\t\t\t\t\t<div class=\"elementor-spacer\">\n\t\t\t<div class=\"elementor-spacer-inner\"><\/div>\n\t\t<\/div>\n\t\t\t\t\t\t<\/div>\n\t\t\t\t<\/div>\n\t\t\t\t<div class=\"elementor-element elementor-element-586c7c6 align-center heading-default elementor-widget elementor-widget-mae-headings\" data-id=\"586c7c6\" data-element_type=\"widget\" data-e-type=\"widget\" data-widget_type=\"mae-headings.default\">\n\t\t\t\t<div class=\"elementor-widget-container\">\n\t\t\t\t\t\t\t<div class=\"master-heading sep-none\">\n\t\t\t\n\t        \t        \t<div class=\"pre-heading\">\n\t\t\t\t\t\n\t\t\t\t<span class=\"line\"><span class=\"inner\"><\/span><\/span><span style = \"color:#F8D216\">\/<\/span> Nos superbes services<\/div>\n\t        \n\t        \n\t        \t        <h2 class=\"main-heading\">Nous Vous Aidons \u00e0 Remplir Vos Magasins<\/h2>\n\t        \n\t        \n\t        \t    <\/div>\n\t    \t\t\t\t<\/div>\n\t\t\t\t<\/div>\n\t\t\t\t<section class=\"elementor-section elementor-inner-section elementor-element elementor-element-50bd91d elementor-section-full_width horizontal-align-center elementor-section-height-default elementor-section-height-default\" data-id=\"50bd91d\" data-element_type=\"section\" data-e-type=\"section\">\n\t\t\t\t\t\t<div class=\"elementor-container elementor-column-gap-custom\">\n\t\t\t\t\t<div class=\"elementor-column elementor-col-20 elementor-inner-column elementor-element elementor-element-fc6c12e\" data-id=\"fc6c12e\" data-element_type=\"column\" data-e-type=\"column\">\n\t\t\t<div class=\"elementor-widget-wrap elementor-element-populated\">\n\t\t\t\t\t\t<div class=\"elementor-element elementor-element-7f7979a align-center image-box-style-1 elementor-widget elementor-widget-mae-image-box\" data-id=\"7f7979a\" data-element_type=\"widget\" data-e-type=\"widget\" data-widget_type=\"mae-image-box.default\">\n\t\t\t\t<div class=\"elementor-widget-container\">\n\t\t\t\t\t                <div class=\"master-image-box \">\n                            <div class=\"thumb\"><img fetchpriority=\"high\" decoding=\"async\" width=\"2560\" height=\"2080\" src=\"https:\/\/empirehealth.ca\/wp-content\/uploads\/2024\/08\/shutterstock_528660739-1-min-1-1-scaled.jpg\" class=\"attachment-full size-full\" alt=\"\" srcset=\"https:\/\/empirehealth.ca\/wp-content\/uploads\/2024\/08\/shutterstock_528660739-1-min-1-1-scaled.jpg 2560w, https:\/\/empirehealth.ca\/wp-content\/uploads\/2024\/08\/shutterstock_528660739-1-min-1-1-300x244.jpg 300w, https:\/\/empirehealth.ca\/wp-content\/uploads\/2024\/08\/shutterstock_528660739-1-min-1-1-1024x832.jpg 1024w, https:\/\/empirehealth.ca\/wp-content\/uploads\/2024\/08\/shutterstock_528660739-1-min-1-1-768x624.jpg 768w, https:\/\/empirehealth.ca\/wp-content\/uploads\/2024\/08\/shutterstock_528660739-1-min-1-1-1536x1248.jpg 1536w, https:\/\/empirehealth.ca\/wp-content\/uploads\/2024\/08\/shutterstock_528660739-1-min-1-1-2048x1664.jpg 2048w, https:\/\/empirehealth.ca\/wp-content\/uploads\/2024\/08\/shutterstock_528660739-1-min-1-1-600x488.jpg 600w\" sizes=\"(max-width: 2560px) 100vw, 2560px\" \/><div class=\"url-wrap\"><a class=\"arrow\" ><span class=\"inner\"> <span class=\"icon ci-plus\"><\/span><\/span><\/a><\/div><\/div>\n                <div class=\"content-wrap\">\n                                    <div class=\"icon-wrap\"><div class=\"master-icon\">\n                    <svg aria-hidden=\"true\" class=\"e-font-icon-svg e-fas-dumbbell\" viewBox=\"0 0 640 512\" xmlns=\"http:\/\/www.w3.org\/2000\/svg\"><path d=\"M104 96H56c-13.3 0-24 10.7-24 24v104H8c-4.4 0-8 3.6-8 8v48c0 4.4 3.6 8 8 8h24v104c0 13.3 10.7 24 24 24h48c13.3 0 24-10.7 24-24V120c0-13.3-10.7-24-24-24zm528 128h-24V120c0-13.3-10.7-24-24-24h-48c-13.3 0-24 10.7-24 24v272c0 13.3 10.7 24 24 24h48c13.3 0 24-10.7 24-24V288h24c4.4 0 8-3.6 8-8v-48c0-4.4-3.6-8-8-8zM456 32h-48c-13.3 0-24 10.7-24 24v168H256V56c0-13.3-10.7-24-24-24h-48c-13.3 0-24 10.7-24 24v400c0 13.3 10.7 24 24 24h48c13.3 0 24-10.7 24-24V288h128v168c0 13.3 10.7 24 24 24h48c13.3 0 24-10.7 24-24V56c0-13.3-10.7-24-24-24z\"><\/path><\/svg>                <\/div><\/div>\n                <h3 class=\"headline-2\"><a href=\"\">Exp\u00e9dition rapide et fiable<\/a><\/h3><div class=\"desc\">Chez <i style=\"color: #f8d216;\"><b>\u00a0EMPIRE HEALTH DISTRIBUTION<\/b><\/i>, Nous privil\u00e9gions un service rapide et efficace, la majorit\u00e9 des commandes \u00e9tant exp\u00e9di\u00e9es le jour m\u00eame. Dans de rares cas de retard important, nous nous effor\u00e7ons toujours de vous livrer vos produits le plus rapidement possible.<\/div>                <\/div>\n                    <\/div>\n        \t\t\t\t<\/div>\n\t\t\t\t<\/div>\n\t\t\t\t\t<\/div>\n\t\t<\/div>\n\t\t\t\t<div class=\"elementor-column elementor-col-20 elementor-inner-column elementor-element elementor-element-8405ec0\" data-id=\"8405ec0\" data-element_type=\"column\" data-e-type=\"column\">\n\t\t\t<div class=\"elementor-widget-wrap elementor-element-populated\">\n\t\t\t\t\t\t<div class=\"elementor-element elementor-element-efa9722 align-center image-box-style-1 elementor-widget elementor-widget-mae-image-box\" data-id=\"efa9722\" data-element_type=\"widget\" data-e-type=\"widget\" data-widget_type=\"mae-image-box.default\">\n\t\t\t\t<div class=\"elementor-widget-container\">\n\t\t\t\t\t                <div class=\"master-image-box \">\n                            <div class=\"thumb\"><img decoding=\"async\" width=\"2560\" height=\"2185\" src=\"https:\/\/empirehealth.ca\/wp-content\/uploads\/2024\/08\/concept-of-travel-and-adventure-traveller-lifesty-2023-11-27-05-01-46-utc-2-scaled.jpg\" class=\"attachment-full size-full\" alt=\"\" srcset=\"https:\/\/empirehealth.ca\/wp-content\/uploads\/2024\/08\/concept-of-travel-and-adventure-traveller-lifesty-2023-11-27-05-01-46-utc-2-scaled.jpg 2560w, https:\/\/empirehealth.ca\/wp-content\/uploads\/2024\/08\/concept-of-travel-and-adventure-traveller-lifesty-2023-11-27-05-01-46-utc-2-300x256.jpg 300w, https:\/\/empirehealth.ca\/wp-content\/uploads\/2024\/08\/concept-of-travel-and-adventure-traveller-lifesty-2023-11-27-05-01-46-utc-2-1024x874.jpg 1024w, https:\/\/empirehealth.ca\/wp-content\/uploads\/2024\/08\/concept-of-travel-and-adventure-traveller-lifesty-2023-11-27-05-01-46-utc-2-768x655.jpg 768w, https:\/\/empirehealth.ca\/wp-content\/uploads\/2024\/08\/concept-of-travel-and-adventure-traveller-lifesty-2023-11-27-05-01-46-utc-2-1536x1311.jpg 1536w, https:\/\/empirehealth.ca\/wp-content\/uploads\/2024\/08\/concept-of-travel-and-adventure-traveller-lifesty-2023-11-27-05-01-46-utc-2-2048x1748.jpg 2048w, https:\/\/empirehealth.ca\/wp-content\/uploads\/2024\/08\/concept-of-travel-and-adventure-traveller-lifesty-2023-11-27-05-01-46-utc-2-600x512.jpg 600w\" sizes=\"(max-width: 2560px) 100vw, 2560px\" \/><div class=\"url-wrap\"><a class=\"arrow\" ><span class=\"inner\"> <span class=\"icon ci-plus\"><\/span><\/span><\/a><\/div><\/div>\n                <div class=\"content-wrap\">\n                                    <div class=\"icon-wrap\"><div class=\"master-icon\">\n                    <svg aria-hidden=\"true\" class=\"e-font-icon-svg e-fas-dumbbell\" viewBox=\"0 0 640 512\" xmlns=\"http:\/\/www.w3.org\/2000\/svg\"><path d=\"M104 96H56c-13.3 0-24 10.7-24 24v104H8c-4.4 0-8 3.6-8 8v48c0 4.4 3.6 8 8 8h24v104c0 13.3 10.7 24 24 24h48c13.3 0 24-10.7 24-24V120c0-13.3-10.7-24-24-24zm528 128h-24V120c0-13.3-10.7-24-24-24h-48c-13.3 0-24 10.7-24 24v272c0 13.3 10.7 24 24 24h48c13.3 0 24-10.7 24-24V288h24c4.4 0 8-3.6 8-8v-48c0-4.4-3.6-8-8-8zM456 32h-48c-13.3 0-24 10.7-24 24v168H256V56c0-13.3-10.7-24-24-24h-48c-13.3 0-24 10.7-24 24v400c0 13.3 10.7 24 24 24h48c13.3 0 24-10.7 24-24V288h128v168c0 13.3 10.7 24 24 24h48c13.3 0 24-10.7 24-24V56c0-13.3-10.7-24-24-24z\"><\/path><\/svg>                <\/div><\/div>\n                <h3 class=\"headline-2\"><a href=\"\">Couverture nationale<\/a><\/h3><div class=\"desc\">Chez <i style=\"color: #f8d216;\"><b>\u00a0EMPIRE HEALTH DISTRIBUTION<\/b><\/i>, Nous sommes fiers d'offrir des services d'exp\u00e9dition partout au Canada, garantissant que, peu importe o\u00f9 vous \u00eates, vous puissiez acc\u00e9der \u00e0 nos suppl\u00e9ments de haute qualit\u00e9.<\/div>                <\/div>\n                    <\/div>\n        \t\t\t\t<\/div>\n\t\t\t\t<\/div>\n\t\t\t\t\t<\/div>\n\t\t<\/div>\n\t\t\t\t<div class=\"elementor-column elementor-col-20 elementor-inner-column elementor-element elementor-element-89a2ebc\" data-id=\"89a2ebc\" data-element_type=\"column\" data-e-type=\"column\">\n\t\t\t<div class=\"elementor-widget-wrap elementor-element-populated\">\n\t\t\t\t\t\t<div class=\"elementor-element elementor-element-f6c19f2 align-center image-box-style-1 elementor-widget elementor-widget-mae-image-box\" data-id=\"f6c19f2\" data-element_type=\"widget\" data-e-type=\"widget\" data-widget_type=\"mae-image-box.default\">\n\t\t\t\t<div class=\"elementor-widget-container\">\n\t\t\t\t\t                <div class=\"master-image-box \">\n                            <div class=\"thumb\"><img decoding=\"async\" width=\"460\" height=\"379\" src=\"https:\/\/empirehealth.ca\/wp-content\/uploads\/2024\/05\/service-2.png\" class=\"attachment-full size-full\" alt=\"\" srcset=\"https:\/\/empirehealth.ca\/wp-content\/uploads\/2024\/05\/service-2.png 460w, https:\/\/empirehealth.ca\/wp-content\/uploads\/2024\/05\/service-2-300x247.png 300w\" sizes=\"(max-width: 460px) 100vw, 460px\" \/><div class=\"url-wrap\"><a class=\"arrow\" ><span class=\"inner\"> <span class=\"icon ci-plus\"><\/span><\/span><\/a><\/div><\/div>\n                <div class=\"content-wrap\">\n                                    <div class=\"icon-wrap\"><div class=\"master-icon\">\n                    <svg aria-hidden=\"true\" class=\"e-font-icon-svg e-fas-dumbbell\" viewBox=\"0 0 640 512\" xmlns=\"http:\/\/www.w3.org\/2000\/svg\"><path d=\"M104 96H56c-13.3 0-24 10.7-24 24v104H8c-4.4 0-8 3.6-8 8v48c0 4.4 3.6 8 8 8h24v104c0 13.3 10.7 24 24 24h48c13.3 0 24-10.7 24-24V120c0-13.3-10.7-24-24-24zm528 128h-24V120c0-13.3-10.7-24-24-24h-48c-13.3 0-24 10.7-24 24v272c0 13.3 10.7 24 24 24h48c13.3 0 24-10.7 24-24V288h24c4.4 0 8-3.6 8-8v-48c0-4.4-3.6-8-8-8zM456 32h-48c-13.3 0-24 10.7-24 24v168H256V56c0-13.3-10.7-24-24-24h-48c-13.3 0-24 10.7-24 24v400c0 13.3 10.7 24 24 24h48c13.3 0 24-10.7 24-24V288h128v168c0 13.3 10.7 24 24 24h48c13.3 0 24-10.7 24-24V56c0-13.3-10.7-24-24-24z\"><\/path><\/svg>                <\/div><\/div>\n                <h3 class=\"headline-2\"><a href=\"\">Service client exceptionnel<\/a><\/h3><div class=\"desc\">Chez <i style=\"color: #f8d216;\"><b>\u00a0EMPIRE HEALTH DISTRIBUTION<\/b><\/i>, Notre \u00e9quipe se consacre \u00e0 fournir un service client impeccable, garantissant une exp\u00e9rience fluide et agr\u00e9able \u00e0 chaque fois que vous interagissez avec nous. V\u00f4tre satisfaction est n\u00f4tre priorit\u00e9 absolue.<\/div>                <\/div>\n                    <\/div>\n        \t\t\t\t<\/div>\n\t\t\t\t<\/div>\n\t\t\t\t\t<\/div>\n\t\t<\/div>\n\t\t\t\t<div class=\"elementor-column elementor-col-20 elementor-inner-column elementor-element elementor-element-f8c8570\" data-id=\"f8c8570\" data-element_type=\"column\" data-e-type=\"column\">\n\t\t\t<div class=\"elementor-widget-wrap elementor-element-populated\">\n\t\t\t\t\t\t<div class=\"elementor-element elementor-element-b0a4697 align-center image-box-style-1 elementor-widget elementor-widget-mae-image-box\" data-id=\"b0a4697\" data-element_type=\"widget\" data-e-type=\"widget\" data-widget_type=\"mae-image-box.default\">\n\t\t\t\t<div class=\"elementor-widget-container\">\n\t\t\t\t\t                <div class=\"master-image-box \">\n                            <div class=\"thumb\"><img loading=\"lazy\" decoding=\"async\" width=\"460\" height=\"379\" src=\"https:\/\/empirehealth.ca\/wp-content\/uploads\/2025\/01\/Empire2.png\" class=\"attachment-full size-full\" alt=\"\" srcset=\"https:\/\/empirehealth.ca\/wp-content\/uploads\/2025\/01\/Empire2.png 460w, https:\/\/empirehealth.ca\/wp-content\/uploads\/2025\/01\/Empire2-300x247.png 300w\" sizes=\"(max-width: 460px) 100vw, 460px\" \/><div class=\"url-wrap\"><a class=\"arrow\" ><span class=\"inner\"> <span class=\"icon ci-plus\"><\/span><\/span><\/a><\/div><\/div>\n                <div class=\"content-wrap\">\n                                    <div class=\"icon-wrap\"><div class=\"master-icon\">\n                    <svg aria-hidden=\"true\" class=\"e-font-icon-svg e-fas-dumbbell\" viewBox=\"0 0 640 512\" xmlns=\"http:\/\/www.w3.org\/2000\/svg\"><path d=\"M104 96H56c-13.3 0-24 10.7-24 24v104H8c-4.4 0-8 3.6-8 8v48c0 4.4 3.6 8 8 8h24v104c0 13.3 10.7 24 24 24h48c13.3 0 24-10.7 24-24V120c0-13.3-10.7-24-24-24zm528 128h-24V120c0-13.3-10.7-24-24-24h-48c-13.3 0-24 10.7-24 24v272c0 13.3 10.7 24 24 24h48c13.3 0 24-10.7 24-24V288h24c4.4 0 8-3.6 8-8v-48c0-4.4-3.6-8-8-8zM456 32h-48c-13.3 0-24 10.7-24 24v168H256V56c0-13.3-10.7-24-24-24h-48c-13.3 0-24 10.7-24 24v400c0 13.3 10.7 24 24 24h48c13.3 0 24-10.7 24-24V288h128v168c0 13.3 10.7 24 24 24h48c13.3 0 24-10.7 24-24V56c0-13.3-10.7-24-24-24z\"><\/path><\/svg>                <\/div><\/div>\n                <h3 class=\"headline-2\"><a href=\"\">Large gamme de produits<\/a><\/h3><div class=\"desc\">Chez <i style=\"color: #f8d216;\"><b>\u00a0EMPIRE HEALTH DISTRIBUTION<\/b><\/i>,\u00a0nous sommes fiers de proposer \u00e0 nos clients un vaste et diversifi\u00e9 choix de plus d'un millier de produits de qualit\u00e9 disponibles dans notre catalogue.<\/div>                <\/div>\n                    <\/div>\n        \t\t\t\t<\/div>\n\t\t\t\t<\/div>\n\t\t\t\t\t<\/div>\n\t\t<\/div>\n\t\t\t\t<div class=\"elementor-column elementor-col-20 elementor-inner-column elementor-element elementor-element-e945b74\" data-id=\"e945b74\" data-element_type=\"column\" data-e-type=\"column\">\n\t\t\t<div class=\"elementor-widget-wrap elementor-element-populated\">\n\t\t\t\t\t\t<div class=\"elementor-element elementor-element-428fb23 align-center image-box-style-1 elementor-widget elementor-widget-mae-image-box\" data-id=\"428fb23\" data-element_type=\"widget\" data-e-type=\"widget\" data-widget_type=\"mae-image-box.default\">\n\t\t\t\t<div class=\"elementor-widget-container\">\n\t\t\t\t\t                <div class=\"master-image-box \">\n                            <div class=\"thumb\"><img loading=\"lazy\" decoding=\"async\" width=\"460\" height=\"379\" src=\"https:\/\/empirehealth.ca\/wp-content\/uploads\/2025\/01\/Empire8.png\" class=\"attachment-full size-full\" alt=\"\" srcset=\"https:\/\/empirehealth.ca\/wp-content\/uploads\/2025\/01\/Empire8.png 460w, https:\/\/empirehealth.ca\/wp-content\/uploads\/2025\/01\/Empire8-300x247.png 300w\" sizes=\"(max-width: 460px) 100vw, 460px\" \/><div class=\"url-wrap\"><a class=\"arrow\" ><span class=\"inner\"> <span class=\"icon ci-plus\"><\/span><\/span><\/a><\/div><\/div>\n                <div class=\"content-wrap\">\n                                    <div class=\"icon-wrap\"><div class=\"master-icon\">\n                    <svg aria-hidden=\"true\" class=\"e-font-icon-svg e-fas-dumbbell\" viewBox=\"0 0 640 512\" xmlns=\"http:\/\/www.w3.org\/2000\/svg\"><path d=\"M104 96H56c-13.3 0-24 10.7-24 24v104H8c-4.4 0-8 3.6-8 8v48c0 4.4 3.6 8 8 8h24v104c0 13.3 10.7 24 24 24h48c13.3 0 24-10.7 24-24V120c0-13.3-10.7-24-24-24zm528 128h-24V120c0-13.3-10.7-24-24-24h-48c-13.3 0-24 10.7-24 24v272c0 13.3 10.7 24 24 24h48c13.3 0 24-10.7 24-24V288h24c4.4 0 8-3.6 8-8v-48c0-4.4-3.6-8-8-8zM456 32h-48c-13.3 0-24 10.7-24 24v168H256V56c0-13.3-10.7-24-24-24h-48c-13.3 0-24 10.7-24 24v400c0 13.3 10.7 24 24 24h48c13.3 0 24-10.7 24-24V288h128v168c0 13.3 10.7 24 24 24h48c13.3 0 24-10.7 24-24V56c0-13.3-10.7-24-24-24z\"><\/path><\/svg>                <\/div><\/div>\n                <h3 class=\"headline-2\"><a href=\"\">Force de vente comp\u00e9tente<\/a><\/h3><div class=\"desc\">Chez <i style=\"color: #f8d216;\"><b>EMPIRE HEALTH DISTRIBUTION<\/b><\/i> , Notre \u00e9quipe de vente allie une connaissance approfondie de l\u2019industrie \u00e0 des conseils d\u2019experts pour aider nos clients \u00e0 choisir les meilleurs suppl\u00e9ments. Gr\u00e2ce \u00e0 une formation continue et une expertise du march\u00e9, nous garantissons confiance, int\u00e9grit\u00e9 et un service personnalis\u00e9 pour un succ\u00e8s durable.<\/div>                <\/div>\n                    <\/div>\n        \t\t\t\t<\/div>\n\t\t\t\t<\/div>\n\t\t\t\t\t<\/div>\n\t\t<\/div>\n\t\t\t\t\t<\/div>\n\t\t<\/section>\n\t\t\t\t\t<\/div>\n\t\t<\/div>\n\t\t\t\t\t<\/div>\n\t\t<\/section>\n\t\t\t\t<\/div>\n\t\t\n    <div class=\"xs_social_share_widget xs_share_url after_content \t\tmain_content  wslu-style-1 wslu-share-box-shaped wslu-fill-colored wslu-none wslu-share-horizontal wslu-theme-font-no wslu-main_content\">\n\n\t\t\n        <ul>\n\t\t\t        <\/ul>\n    <\/div> \n","protected":false},"excerpt":{"rendered":"<p>\/ Nos superbes services Nous Vous Aidons \u00e0 Remplir Vos Magasins Exp\u00e9dition rapide et fiable Chez \u00a0EMPIRE HEALTH DISTRIBUTION, Nous privil\u00e9gions un service rapide et efficace, la majorit\u00e9 des commandes \u00e9tant exp\u00e9di\u00e9es le jour m\u00eame. Dans de rares cas de retard important, nous nous effor\u00e7ons toujours de vous livrer vos<\/p>\n","protected":false},"author":2,"featured_media":0,"parent":0,"menu_order":0,"comment_status":"closed","ping_status":"closed","template":"","meta":{"footnotes":""},"class_list":["post-5950","page","type-page","status-publish","hentry"],"_links":{"self":[{"href":"https:\/\/empirehealth.ca\/index.php?rest_route=\/wp\/v2\/pages\/5950","targetHints":{"allow":["GET"]}}],"collection":[{"href":"https:\/\/empirehealth.ca\/index.php?rest_route=\/wp\/v2\/pages"}],"about":[{"href":"https:\/\/empirehealth.ca\/index.php?rest_route=\/wp\/v2\/types\/page"}],"author":[{"embeddable":true,"href":"https:\/\/empirehealth.ca\/index.php?rest_route=\/wp\/v2\/users\/2"}],"replies":[{"embeddable":true,"href":"https:\/\/empirehealth.ca\/index.php?rest_route=%2Fwp%2Fv2%2Fcomments&post=5950"}],"version-history":[{"count":23,"href":"https:\/\/empirehealth.ca\/index.php?rest_route=\/wp\/v2\/pages\/5950\/revisions"}],"predecessor-version":[{"id":6367,"href":"https:\/\/empirehealth.ca\/index.php?rest_route=\/wp\/v2\/pages\/5950\/revisions\/6367"}],"wp:attachment":[{"href":"https:\/\/empirehealth.ca\/index.php?rest_route=%2Fwp%2Fv2%2Fmedia&parent=5950"}],"curies":[{"name":"wp","href":"https:\/\/api.w.org\/{rel}","templated":true}]}}